{"id":493,"date":"2026-02-19T19:52:51","date_gmt":"2026-02-19T18:52:51","guid":{"rendered":"https:\/\/branckotte.be\/?page_id=493"},"modified":"2026-02-20T22:06:27","modified_gmt":"2026-02-20T21:06:27","slug":"formations","status":"publish","type":"page","link":"https:\/\/branckotte.be\/?page_id=493","title":{"rendered":"Formations"},"content":{"rendered":"\n<p><a href=\"https:\/\/branckotte.be\/?post_type=tribe_events\"><strong>Calendrier des formations et activit\u00e9s<\/strong><\/a><\/p>\n\n\n\n<p class=\".page-formations {   max-width: 900px;   margin: 0 auto;   padding: 40px 20px;   font-family: system-ui, sans-serif;   line-height: 1.7; }  .page-formations h1 {   text-align: center;   font-size: 2.4rem;   margin-bottom: 10px; }  .page-formations .intro-texte {   text-align: center;   font-size: 1.1rem;   color: #4a5f55;   margin-bottom: 40px; }  .formation {   background: #f7f9f8;   padding: 25px;   border-radius: 10px;   margin-bottom: 30px; }  .formation h2 {   color: #345244;   margin-bottom: 10px;   font-size: 1.5rem; }  .formation ul {   padding-left: 20px; }  .contact {   text-align: center;   margin-top: 40px; }\">Je propose plusieurs formations accessibles \u00e0 tous, que vous soyez d\u00e9butant ou d\u00e9j\u00e0 praticien. Chaque module est con\u00e7u pour vous permettre de d\u00e9velopper vos ressentis, votre intuition et votre capacit\u00e9 \u00e0 travailler avec les \u00e9nergies.<\/p>\n\n\n\n<h2 class=\"wp-block-heading\">Formation \u00c9nergies \u2013 Niveau 1: S\u2018ouvrir aux \u00e9nergies. (2 jours)<\/h2>\n\n\n\n<p>Une initiation compl\u00e8te aux ressentis \u00e9nerg\u00e9tiques. Vous apprendrez \u00e0 percevoir, canaliser et comprendre les \u00e9nergies, ainsi qu\u2019\u00e0 r\u00e9aliser vos premiers soins \u00e9nerg\u00e9tiques en toute s\u00e9curit\u00e9.<\/p>\n\n\n\n<ul class=\"wp-block-list\">\n<li>D\u00e9couverte des ressentis<\/li>\n\n\n\n<li>Protection et ancrage<\/li>\n\n\n\n<li>Premiers soins \u00e9nerg\u00e9tiques<\/li>\n\n\n\n<li>Travail sur soi<\/li>\n\n\n\n<li>L\u2019Energie et le magn\u00e9tisme<\/li>\n\n\n\n<li>Ressentir et d\u00e9tecter les \u00e9nergies<\/li>\n\n\n\n<li>Nos 7 corps, nos 7 chakras, l\u2019aura<\/li>\n\n\n\n<li>Comment \u00e9lever sa vibration<\/li>\n\n\n\n<li>Comment agir sur soi<\/li>\n<\/ul>\n\n\n\n<p><strong>Dur\u00e9e :<\/strong> 2 jours<br><strong>Public :<\/strong> d\u00e9butants<\/p>\n\n\n\n<p>Prix : 150 \u20ac\u00a0<\/p>\n\n\n\n<h2 class=\"wp-block-heading\">Formation \u00c9nergies \u2013 Niveau 2: Affiner ses perceptions physiques et \u00e9nerg\u00e9tiques, son clair ressenti pour agir sur soi et son environnement. (2 jours)<\/h2>\n\n\n\n<p>Ce module approfondit les techniques \u00e9nerg\u00e9tiques et d\u00e9veloppe votre capacit\u00e9 \u00e0 accompagner d\u2019autres personnes. Id\u00e9al pour ceux qui souhaitent aller plus loin.<\/p>\n\n\n\n<ul class=\"wp-block-list\">\n<li>Techniques avanc\u00e9es<\/li>\n\n\n\n<li>Lecture \u00e9nerg\u00e9tique<\/li>\n\n\n\n<li>Travail sur les blocages<\/li>\n\n\n\n<li>Pratique supervis\u00e9e<\/li>\n\n\n\n<li>Quels sont les types de blocages et comment les rep\u00e9rer<\/li>\n\n\n\n<li>Plans et axes, vaisseaux et m\u00e9ridiens<\/li>\n\n\n\n<li>Bilan bio\u00e9nerg\u00e9tique<\/li>\n\n\n\n<li>Analyse, correction et protection de lieux<\/li>\n\n\n\n<li>Outils compl\u00e9mentaires<\/li>\n<\/ul>\n\n\n\n<p><strong>Dur\u00e9e :<\/strong> 2 jours<br><strong>Public :<\/strong> personnes ayant suivi le niveau 1<\/p>\n\n\n\n<p>Prix : 180 \u20ac<\/p>\n\n\n\n<h2 class=\"wp-block-heading\">Formation G\u00e9obiologie (4 jours): apprendre \u00e0 percevoir et ressentir son environnement <\/h2>\n\n\n\n<p>Une formation compl\u00e8te pour apprendre \u00e0 analyser et harmoniser les lieux de vie. Vous d\u00e9couvrirez les r\u00e9seaux telluriques, les perturbations, les m\u00e9moires des lieux et les techniques d\u2019harmonisation.<\/p>\n\n\n\n<ul class=\"wp-block-list\">\n<li>D\u00e9tection des perturbations<\/li>\n\n\n\n<li>Analyse des r\u00e9seaux telluriques<\/li>\n\n\n\n<li>Purification et harmonisation<\/li>\n\n\n\n<li>\u00c9tudes de cas et pratique sur le terrain<\/li>\n\n\n\n<li>Ecoute de nos ressentis<\/li>\n<\/ul>\n\n\n\n<p><strong>Dur\u00e9e :<\/strong> 4 jours<br><strong>Public :<\/strong> tous niveaux<\/p>\n\n\n\n<p>Prix : 329 \u20ac (inclus les baguettes de sourcier)<\/p>\n\n\n\n<h2 class=\"wp-block-heading\">Calendrier des formations<\/h2>\n\n\n\n<p>Les dates des prochaines sessions sont disponibles sur demande. Contactez-moi pour conna\u00eetre les disponibilit\u00e9s ou r\u00e9server votre place.<\/p>\n\n\n\n<h2 class=\"wp-block-heading\">Inscription &amp; Informations<\/h2>\n\n\n\n<p>Pour vous inscrire ou obtenir plus d\u2019informations, contactez-moi directement.<\/p>\n\n\n\n<p><strong>Email :<\/strong> info@branckotte.be<br><strong>T\u00e9l\u00e9phone :<\/strong> +32 476 98 36 79<\/p>\n","protected":false},"excerpt":{"rendered":"<p>Calendrier des formations et activit\u00e9s Je propose plusieurs formations accessibles \u00e0 tous, que vous soyez d\u00e9butant ou d\u00e9j\u00e0 praticien. Chaque module est con\u00e7u pour vous permettre de d\u00e9velopper vos ressentis, votre intuition et votre capacit\u00e9 \u00e0 travailler avec les \u00e9nergies. Formation \u00c9nergies \u2013 Niveau 1: S\u2018ouvrir aux \u00e9nergies. (2 jours) Une initiation compl\u00e8te aux ressentis \u00e9nerg\u00e9tiques. Vous apprendrez<\/p>\n","protected":false},"author":1,"featured_media":0,"parent":0,"menu_order":5,"comment_status":"closed","ping_status":"closed","template":"","meta":{"footnotes":""},"class_list":["post-493","page","type-page","status-publish","hentry"],"_links":{"self":[{"href":"https:\/\/branckotte.be\/index.php?rest_route=\/wp\/v2\/pages\/493","targetHints":{"allow":["GET"]}}],"collection":[{"href":"https:\/\/branckotte.be\/index.php?rest_route=\/wp\/v2\/pages"}],"about":[{"href":"https:\/\/branckotte.be\/index.php?rest_route=\/wp\/v2\/types\/page"}],"author":[{"embeddable":true,"href":"https:\/\/branckotte.be\/index.php?rest_route=\/wp\/v2\/users\/1"}],"replies":[{"embeddable":true,"href":"https:\/\/branckotte.be\/index.php?rest_route=%2Fwp%2Fv2%2Fcomments&post=493"}],"version-history":[{"count":6,"href":"https:\/\/branckotte.be\/index.php?rest_route=\/wp\/v2\/pages\/493\/revisions"}],"predecessor-version":[{"id":521,"href":"https:\/\/branckotte.be\/index.php?rest_route=\/wp\/v2\/pages\/493\/revisions\/521"}],"wp:attachment":[{"href":"https:\/\/branckotte.be\/index.php?rest_route=%2Fwp%2Fv2%2Fmedia&parent=493"}],"curies":[{"name":"wp","href":"https:\/\/api.w.org\/{rel}","templated":true}]}}

<p><a href="https://branckotte.be/?post_type=tribe_events"><strong>Calendrier des formations et activités</strong></a></p>



<p class=".page-formations {   max-width: 900px;   margin: 0 auto;   padding: 40px 20px;   font-family: system-ui, sans-serif;   line-height: 1.7; }  .page-formations h1 {   text-align: center;   font-size: 2.4rem;   margin-bottom: 10px; }  .page-formations .intro-texte {   text-align: center;   font-size: 1.1rem;   color: #4a5f55;   margin-bottom: 40px; }  .formation {   background: #f7f9f8;   padding: 25px;   border-radius: 10px;   margin-bottom: 30px; }  .formation h2 {   color: #345244;   margin-bottom: 10px;   font-size: 1.5rem; }  .formation ul {   padding-left: 20px; }  .contact {   text-align: center;   margin-top: 40px; }">Je propose plusieurs formations accessibles à tous, que vous soyez débutant ou déjà praticien. Chaque module est conçu pour vous permettre de développer vos ressentis, votre intuition et votre capacité à travailler avec les énergies.</p>



<h2 class="wp-block-heading">Formation Énergies – Niveau 1: S‘ouvrir aux énergies. (2 jours)</h2>



<p>Une initiation complète aux ressentis énergétiques. Vous apprendrez à percevoir, canaliser et comprendre les énergies, ainsi qu’à réaliser vos premiers soins énergétiques en toute sécurité.</p>



<ul class="wp-block-list">
<li>Découverte des ressentis</li>



<li>Protection et ancrage</li>



<li>Premiers soins énergétiques</li>



<li>Travail sur soi</li>



<li>L’Energie et le magnétisme</li>



<li>Ressentir et détecter les énergies</li>



<li>Nos 7 corps, nos 7 chakras, l’aura</li>



<li>Comment élever sa vibration</li>



<li>Comment agir sur soi</li>
</ul>



<p><strong>Durée :</strong> 2 jours<br><strong>Public :</strong> débutants</p>



<p>Prix : 150 € </p>



<h2 class="wp-block-heading">Formation Énergies – Niveau 2: Affiner ses perceptions physiques et énergétiques, son clair ressenti pour agir sur soi et son environnement. (2 jours)</h2>



<p>Ce module approfondit les techniques énergétiques et développe votre capacité à accompagner d’autres personnes. Idéal pour ceux qui souhaitent aller plus loin.</p>



<ul class="wp-block-list">
<li>Techniques avancées</li>



<li>Lecture énergétique</li>



<li>Travail sur les blocages</li>



<li>Pratique supervisée</li>



<li>Quels sont les types de blocages et comment les repérer</li>



<li>Plans et axes, vaisseaux et méridiens</li>



<li>Bilan bioénergétique</li>



<li>Analyse, correction et protection de lieux</li>



<li>Outils complémentaires</li>
</ul>



<p><strong>Durée :</strong> 2 jours<br><strong>Public :</strong> personnes ayant suivi le niveau 1</p>



<p>Prix : 180 €</p>



<h2 class="wp-block-heading">Formation Géobiologie (4 jours): apprendre à percevoir et ressentir son environnement </h2>



<p>Une formation complète pour apprendre à analyser et harmoniser les lieux de vie. Vous découvrirez les réseaux telluriques, les perturbations, les mémoires des lieux et les techniques d’harmonisation.</p>



<ul class="wp-block-list">
<li>Détection des perturbations</li>



<li>Analyse des réseaux telluriques</li>



<li>Purification et harmonisation</li>



<li>Études de cas et pratique sur le terrain</li>



<li>Ecoute de nos ressentis</li>
</ul>



<p><strong>Durée :</strong> 4 jours<br><strong>Public :</strong> tous niveaux</p>



<p>Prix : 329 € (inclus les baguettes de sourcier)</p>



<h2 class="wp-block-heading">Calendrier des formations</h2>



<p>Les dates des prochaines sessions sont disponibles sur demande. Contactez-moi pour connaître les disponibilités ou réserver votre place.</p>



<h2 class="wp-block-heading">Inscription &amp; Informations</h2>



<p>Pour vous inscrire ou obtenir plus d’informations, contactez-moi directement.</p>



<p><strong>Email :</strong> info@branckotte.be<br><strong>Téléphone :</strong> +32 476 98 36 79</p>

<p>Calendrier des formations et activités Je propose plusieurs formations accessibles à tous, que vous soyez débutant ou déjà praticien. Chaque module est conçu pour vous permettre de développer vos ressentis, votre intuition et votre capacité à travailler avec les énergies. Formation Énergies – Niveau 1: S‘ouvrir aux énergies. (2 jours) Une initiation complète aux ressentis énergétiques. Vous apprendrez</p>
